{"id":102,"date":"2024-10-18T17:44:47","date_gmt":"2024-10-18T17:44:47","guid":{"rendered":"https:\/\/timb2b.com\/?page_id=102"},"modified":"2024-10-18T18:43:51","modified_gmt":"2024-10-18T18:43:51","slug":"politica-de-privacidad","status":"publish","type":"page","link":"https:\/\/timb2b.com\/index.php\/politica-de-privacidad\/","title":{"rendered":"Pol\u00edtica de privacidad"},"content":{"rendered":"\n<div class=\"wp-block-cover alignfull is-light has-parallax\" style=\"padding-top:var(--wp--preset--spacing--50);padding-right:var(--wp--preset--spacing--50);padding-bottom:var(--wp--preset--spacing--50);padding-left:var(--wp--preset--spacing--50);min-height:100vh;aspect-ratio:unset;\"><span aria-hidden=\"true\" class=\"wp-block-cover__background has-base-background-color has-background-dim-0 has-background-dim\"><\/span><div class=\"wp-block-cover__image-background wp-image-103 has-parallax\" style=\"background-position:50% 50%;background-image:url(https:\/\/timb2b.com\/wp-content\/uploads\/2024\/10\/Truck-4k-Wallpaper-HD-1-scaled.jpg)\"><\/div><div class=\"wp-block-cover__inner-container has-global-padding is-layout-constrained wp-container-core-cover-is-layout-e4fd886c wp-block-cover-is-layout-constrained\">\n<div style=\"height:500px\" aria-hidden=\"true\" class=\"wp-block-spacer\"><\/div>\n<\/div><\/div>\n\n\n\n<div class=\"wp-block-group alignfull has-base-2-background-color has-background has-global-padding is-layout-constrained wp-container-core-group-is-layout-7cd14b77 wp-block-group-is-layout-constrained\" style=\"margin-top:0;margin-bottom:0;padding-top:var(--wp--preset--spacing--60);padding-right:var(--wp--preset--spacing--60);padding-bottom:var(--wp--preset--spacing--60);padding-left:var(--wp--preset--spacing--60)\">\n<div class=\"wp-block-group alignwide is-layout-flow wp-block-group-is-layout-flow\">\n<h2 class=\"wp-block-heading\">1. Aviso legal y Pol\u00edticas de Privacidad<\/h2>\n\n\n\n<p>En cumplimiento de la Ley 34\/2002, de Servicios de la Sociedad de la Informaci\u00f3n y de Comercio Electr\u00f3nico (LSSI-CE), el prestador de servicios de esta p\u00e1gina\u00a0<a href=\"https:\/\/timb2b.com\">timb2b.com<\/a>, es la empresa TIM B2B, S. de R.L. de C.V., con RFC TBB240322KJ9 Domicilio Fiscal en Blvd. Manuel \u00c1vila Camacho 1903 600A, Ciudad Sat\u00e9lite, Naucalpan de Ju\u00e1rez, 53100, le informamos que el acceso y uso a trav\u00e9s de esta Web <a href=\"http:\/\/timb2b.com\" data-type=\"link\" data-id=\"timb2b.com\">timb2b.com<\/a> requiere de la aceptaci\u00f3n de las condiciones generales de uso, y de la pol\u00edtica de privacidad que m\u00e1s abajo se detalla.<\/p>\n\n\n\n<h2 class=\"wp-block-heading\">2. Contacto<\/h2>\n\n\n\n<p>Puede contactarnos, a trav\u00e9s de los n\u00fameros de tel\u00e9fono: 55 2155 5050 \u2013 55 5927 2787, o por medio de correo electr\u00f3nico a:&nbsp;<a href=\"mailto:starcargo@star-cargo.com\">timb2btransportes@gmail.com<\/a><\/p>\n\n\n\n<h2 class=\"wp-block-heading\">3. T\u00e9rminos generales de uso de la web<\/h2>\n\n\n\n<p>3.1. El acceso y uso de la p\u00e1gina Web&nbsp;<a href=\"https:\/\/trasportesinternacionales.com\/\">timb2b.com<\/a>, est\u00e1 sujetos a los t\u00e9rminos que se detallan en el presente Aviso Legal.<\/p>\n\n\n\n<p>3.2. La finalidad de la Web es facilitar a los clientes y \/ o visitantes\u00a0informaci\u00f3n relativa a sus actividades profesional.<br>Con esta p\u00e1gina Web,\u00a0<a href=\"http:\/\/timb2b.com\">timb2b.com<\/a>, TIM B2B, S. de R.L. de C.V., pretende prestar un servicio \u00fatil, por lo que las sugerencias de los usuarios son bienvenidas. Pero si no est\u00e1 de acuerdo con alguna de las condiciones contenidas en este aviso, deber\u00e1 dejar de utilizar esta p\u00e1gina Web. El acceso a la misma implica la aceptaci\u00f3n de los t\u00e9rminos, sin reservas. La utilizaci\u00f3n de determinados servicios ofrecidos en este sitio se regir\u00e1, adem\u00e1s, por las condiciones particulares previstas en cada caso, las cuales se entender\u00e1n aceptadas.<\/p>\n\n\n\n<p>3.3. A efectos del presente aviso legal se entiende por Web, la informaci\u00f3n visualizada y\/o transmitida, incluyendo, a t\u00edtulo meramente enunciativo, textos, comentarios, noticias de prensa, v\u00eddeo, sonidos, clips de im\u00e1genes, productos multimedia, fotograf\u00edas, y en general, aquellas otras creaciones o contenidos expresados por cualquier medio y\/o soporte tangible o intangible, actualmente conocido o que se invente en el futuro, objeto o no, de protecci\u00f3n por el ordenamiento jur\u00eddico vigente en materia de propiedad intelectual, industrial o derechos an\u00e1logos, ( consideradas como el \u00abContenido\u00bb) que, por su selecci\u00f3n o disposici\u00f3n, constituye una creaci\u00f3n intelectual protegible de conformidad con el art\u00edculo 12 del Texto Refundido de la Ley de Propiedad Intelectual.<\/p>\n\n\n\n<p>3.4. Cualquier entrada, uso o navegaci\u00f3n de la presente Web\u00a0<a href=\"http:\/\/timb2b.com\">timb2b.com<\/a>, o de sus contenidos implicar\u00e1 la aceptaci\u00f3n de las presentes condiciones de uso. TIM B2B, S. de R.L. de C.V., podr\u00e1 modificar en cualquier momento las presentes condiciones de uso, pudiendo modificar esta p\u00e1gina Web y sus contenidos en cualquier momento sin necesidad de preaviso.<\/p>\n\n\n\n<p>3.5. El usuario acepta de forma expresa y sin excepciones que el acceso y la utilizaci\u00f3n del presente Web y de los contenidos del mismo se hace bajo su \u00fanica y exclusiva responsabilidad frente a terceros.<\/p>\n\n\n\n<p>3.6. El acceso a esta Web tiene car\u00e1cter libre, excepto las \u00e1reas de acceso restringido actuales o futuras, es gratuito y su visualizaci\u00f3n y uso no requiere previa suscripci\u00f3n, registro o contrataci\u00f3n previa.<\/p>\n\n\n\n<p>3.7. El usuario se obliga a usar la Web&nbsp;<a href=\"http:\/\/timb2b.com\">timb2b.com<\/a>, de forma diligente y correcta. Asimismo, el usuario se compromete a no utilizarla: (i) para la realizaci\u00f3n de actividades contrarias a la ley, a la moral, a las buenas costumbres aceptadas o al orden p\u00fablico establecido y (ii) con fines o efectos il\u00edcitos, prohibidos o lesivos de derechos e intereses de terceros, siendo el mismo usuario responsable de cualquier responsabilidad que de todo lo anterior se pudiera derivar.<\/p>\n\n\n\n<p>3.8. TIM B2B, S. de R.L. de C.V., no se hace responsable de las opiniones expresadas por terceros a trav\u00e9s de las herramientas que a tal efecto dispone o disponga en el futuro en su Web, ni se hace responsable del contenido de los sitios Web enlazados a trav\u00e9s de dichas herramientas.<\/p>\n\n\n\n<p>3.9. TIM B2B, S. de R.L. de C.V. velar\u00e1 para que los contenidos de esta Web no tengan car\u00e1cter pornogr\u00e1fico, xen\u00f3fobo, discriminatorio, racista o que no fomenten la violencia.<\/p>\n\n\n\n<p>3.10. Queda prohibida la alteraci\u00f3n de esta Web por parte del usuario en todo lo que pueda afectar a su contenido, tales como v\u00ednculos, links o similares.<\/p>\n\n\n\n<p>3.11. El usuario reconoce que TIM B2B, S. de R.L. de C.V., no cede ni transfiere al usuario ning\u00fan derecho sobre la Web o el contenido, as\u00ed como sobre las Marcas Registradas que aparezcan en el mismo, incluyendo, cualesquiera propiedades de terceras partes. TIM B2B, S. de R.L. de C.V., s\u00f3lo autoriza al usuario el acceso y uso de los mismos de conformidad con los t\u00e9rminos indicados en este aviso legal. En concreto, TIM B2B, S. de R.L. de C.V., autoriza a los usuarios a acceder y navegar en la Web y a acceder a los Contenidos que en la misma se incorporen.<\/p>\n\n\n\n<p>3.12. Los usuarios no estar\u00e1n autorizados para copiar, distribuir (incluyendo correos electr\u00f3nicos e internet), transmitir, comunicar, modificar, alterar, transformar, ceder o, en cualquier otra forma desplegar actividades que conlleven el uso comercial o il\u00edcito de la Web o de los contenidos o elementos que lo integran, ya sea con car\u00e1cter parcial o total.<\/p>\n\n\n\n<p>3.13. La informaci\u00f3n que se difunde por este medio se hace \u00fanicamente a t\u00edtulo informativo, reserv\u00e1ndose TIM B2B, S. de R.L. de C.V., el derecho de eliminar o suspender su difusi\u00f3n, de manera total o parcial, y de modificar la estructura y contenido del portal sin aviso previo, pudiendo incluso limitar o no permitir el acceso a dicha informaci\u00f3n. El objetivo es mantener la calidad y actualizaci\u00f3n de esta informaci\u00f3n y evitar y minimizar posibles errores causados por fallos t\u00e9cnicos. No obstante, TIM B2B, S. de R.L. de C.V., no garantiza que este acceso no pueda ser interrumpido o afectado por esos fallos. TIM B2B, S. de R.L. de C.V., se reserva la facultad de efectuar, en cualquier momento y sin necesidad de previo aviso, modificaciones y actualizaciones de la informaci\u00f3n contenida en este sitio Web o en la configuraci\u00f3n y presentaci\u00f3n del mismo.<\/p>\n\n\n\n<p>El acceso y uso de la Web&nbsp;<a href=\"http:\/\/timb2b.com\">timb2b.com<\/a>, est\u00e1 prohibido a los menores de 14 a\u00f1os.<\/p>\n\n\n\n<h2 class=\"wp-block-heading\">4. Limitaci\u00f3n de la Responsabilidad<\/h2>\n\n\n\n<p>4.1. TIM B2B, S. de R.L. de C.V., no se responsabiliza de los posibles errores u omisiones que pudieran existir en los contenidos de este sitio Web, A su vez, estos contenidos pueden ser modificados, desarrollados o actualizados sin notificaci\u00f3n previa.<\/p>\n\n\n\n<p>4.2. Este Sitio Web\u00a0<a href=\"http:\/\/timb2b.com\">timb2b.com<\/a>, contiene o puede contener, v\u00ednculos a otras p\u00e1ginas de Internet y lo hace en la creencia de buena fe de que tales contenidos cumplen con la ley. Esto no significa que TIM B2B, S. de R.L. de C.V. apruebe o recomiende los contenidos de los mismos. Si el usuario accede a ellos, lo hace bajo su responsabilidad. TIM B2B, S. de R.L. de C.V., no asume garant\u00edas sobre la veracidad, exactitud o actualizaci\u00f3n de los contenidos, servicios, textos, gr\u00e1ficos y v\u00ednculos de tales sitios.<\/p>\n\n\n\n<p>4.3. TIM B2B, S. de R.L. de C.V. tampoco se hace responsable de los da\u00f1os inform\u00e1ticos o de otro tipo que pudiera ocasionar al visitante el acceso a los contenidos de este sitio. Por ello no garantiza la ausencia de virus u otros elementos lesivos que pudieran causar da\u00f1os o alteraciones en el sistema inform\u00e1tico o en los correos electr\u00f3nicos.<\/p>\n\n\n\n<p>4.4. La violaci\u00f3n de la seguridad del sistema o red puede conllevar responsabilidades civiles o penales. TIM B2B, S. de R.L. de C.V., se reserva el derecho a investigar las posibles violaciones de seguridad a este Sitio Web o, a instancia de las autoridades competentes, podr\u00e1 contribuir en la investigaci\u00f3n de posibles violaciones.<\/p>\n\n\n\n<p>4.5. TIM B2B, S. de R.L. de C.V., no se responsabiliza de los da\u00f1os que pueda ocasionar un supuesto cese o imposibilidad de uso de este Sitio Web, de las redes sociales y plataformas utilizadas, y sus contenidos, p\u00e9rdida de datos o interrupci\u00f3n del negocio, independientemente de haber sido o no advertidos sobre dicha posibilidad<\/p>\n\n\n\n<h2 class=\"wp-block-heading\">5. Comentarios y testimonios de clientes<\/h2>\n\n\n\n<p>TIM B2B, S. de R.L. de C.V., informa, que podemos publicar comentarios y testimonios de clientes en nuestros sitios Web, y estos podr\u00edan contener datos personales, por lo que, el consentimiento de cada cliente lo obtenemos por correo electr\u00f3nico antes de publicar su nombre y testimonio.<\/p>\n\n\n\n<h2 class=\"wp-block-heading\">6. Protecci\u00f3n de datos personales<\/h2>\n\n\n\n<p>Los datos personales vinculados a esta Web respetan las exigencias de la legislaci\u00f3n vigente en materia de protecci\u00f3n de datos personales. TIM B2B, S. de R.L. de C.V., tratar\u00e1 los datos de car\u00e1cter personal que se recojan a trav\u00e9s de esta Web cumpliendo con la normativa vigente sobre protecci\u00f3n de datos.<\/p>\n\n\n\n<h2 class=\"wp-block-heading\">7. Propiedad intelectual de los contenidos<\/h2>\n\n\n\n<p>TIM B2B, S. de R.L. de C.V., ser\u00e1 titular de todos los derechos de propiedad intelectual e industrial de su p\u00e1gina Web\u00a0<a href=\"https:\/\/timb2b.com\" data-type=\"link\" data-id=\"https:\/\/timb2b.com\">timb2b.com<\/a>, as\u00ed como de los elementos contenidos en la misma (a t\u00edtulo enunciativo, textos, im\u00e1genes, sonido, audio, v\u00eddeo, marcas o logotipos, software, etc.).<\/p>\n\n\n\n<p>En virtud de lo dispuesto en la Ley de Propiedad Intelectual, quedan expresamente prohibidas la reproducci\u00f3n, almacenaje permanente, difusi\u00f3n, distribuci\u00f3n y cualquier otro uso que tenga la finalidad p\u00fablica, incluida la puesta a disposici\u00f3n de la totalidad o parte de los contenidos de esta p\u00e1gina Web, con fines comerciales, en cualquier soporte y por cualquier medio t\u00e9cnico, sin el consentimiento previo y expreso de TIM B2B, S. de R.L. de C.V.<\/p>\n\n\n\n<h2 class=\"wp-block-heading\">8. Pol\u00edticas de Cookies<\/h2>\n\n\n\n<p><strong>Definici\u00f3n<\/strong>. Una cookie es un fichero que se descarga en su ordenador al acceder a determinadas p\u00e1ginas Web. Las cookies permiten a una p\u00e1gina Web, entre otras cosas, almacenar y recuperar informaci\u00f3n sobre los h\u00e1bitos de navegaci\u00f3n de un usuario o de su equipo y, dependiendo de la informaci\u00f3n que contengan y de la forma en que utilice su equipo, pueden utilizarse para reconocer al usuario.<\/p>\n\n\n\n<p>Las cookies, en funci\u00f3n de quien las sirve, pueden dividirse entre cookies propias, servidas por esta p\u00e1gina, y cookies de terceros, servidas por otras Webs o servicios, por lo que podr\u00e1 consultar nuestra pol\u00edtica de cookies, al iniciar la navegaci\u00f3n por esta Web, y aceptar o no las mismas, as\u00ed como configurar su navegador para permitir el uso de las cookies que desee, durante sus visitas a esta Web.<\/p>\n\n\n\n<h2 class=\"wp-block-heading\">9. Ley aplicable y jurisdicci\u00f3n<\/h2>\n\n\n\n<p>La prestaci\u00f3n del servicio de este Sitio Web&nbsp;<a href=\"http:\/\/timb2b.com\">timb2b.com<\/a>, y los T\u00e9rminos de Uso se rigen por la legislaci\u00f3n mexicana.<\/p>\n\n\n\n<p>Para la resoluci\u00f3n de todas las controversias o cuestiones relacionadas con el presente Web o de las actividades en \u00e9l desarrolladas, TIM B2B, S. de R.L. de C.V., y el Usuario, con renuncia expresa a cualquier otro fuero, aceptan como legislaci\u00f3n rectora de las presentes condiciones la mexicana, y para la resoluci\u00f3n de cuantas controversias o litigios pudieran derivarse acuerdan someterse a la jurisdicci\u00f3n de los Juzgados y Tribunales de Ciudad de M\u00e9xico.<\/p>\n\n\n\n<p class=\"has-text-align-center has-heading-font-family has-x-large-font-size\" style=\"font-style:normal;font-weight:400;line-height:1.2\"><strong>Copyright\u00a9 TIM B2B, S. de R.L. de C.V.<\/strong><br>Reservados todos los derechos de autor por las leyes y tratados internacionales de propiedad intelectual. Queda expresamente prohibida su copia, reproducci\u00f3n o difusi\u00f3n, total o parcial, por cualquier medio.<\/p>\n\n\n\n<div style=\"height:var(--wp--preset--spacing--50)\" aria-hidden=\"true\" class=\"wp-block-spacer\"><\/div>\n<\/div>\n<\/div>\n","protected":false},"excerpt":{"rendered":"<p>1. Aviso legal y Pol\u00edticas de Privacidad En cumplimiento de la Ley 34\/2002, de Servicios de la Sociedad de la Informaci\u00f3n y de Comercio Electr\u00f3nico (LSSI-CE), el prestador de servicios de esta p\u00e1gina\u00a0timb2b.com, es la empresa TIM B2B, S. de R.L. de C.V., con RFC TBB240322KJ9 Domicilio Fiscal en Blvd. Manuel \u00c1vila Camacho 1903 600A, [&hellip;]<\/p>\n","protected":false},"author":1,"featured_media":10,"parent":0,"menu_order":0,"comment_status":"closed","ping_status":"closed","template":"","meta":{"footnotes":""},"class_list":["post-102","page","type-page","status-publish","has-post-thumbnail","hentry"],"_links":{"self":[{"href":"https:\/\/timb2b.com\/index.php\/wp-json\/wp\/v2\/pages\/102","targetHints":{"allow":["GET"]}}],"collection":[{"href":"https:\/\/timb2b.com\/index.php\/wp-json\/wp\/v2\/pages"}],"about":[{"href":"https:\/\/timb2b.com\/index.php\/wp-json\/wp\/v2\/types\/page"}],"author":[{"embeddable":true,"href":"https:\/\/timb2b.com\/index.php\/wp-json\/wp\/v2\/users\/1"}],"replies":[{"embeddable":true,"href":"https:\/\/timb2b.com\/index.php\/wp-json\/wp\/v2\/comments?post=102"}],"version-history":[{"count":4,"href":"https:\/\/timb2b.com\/index.php\/wp-json\/wp\/v2\/pages\/102\/revisions"}],"predecessor-version":[{"id":127,"href":"https:\/\/timb2b.com\/index.php\/wp-json\/wp\/v2\/pages\/102\/revisions\/127"}],"wp:featuredmedia":[{"embeddable":true,"href":"https:\/\/timb2b.com\/index.php\/wp-json\/wp\/v2\/media\/10"}],"wp:attachment":[{"href":"https:\/\/timb2b.com\/index.php\/wp-json\/wp\/v2\/media?parent=102"}],"curies":[{"name":"wp","href":"https:\/\/api.w.org\/{rel}","templated":true}]}}