{"id":38,"date":"2024-10-17T22:43:44","date_gmt":"2024-10-17T22:43:44","guid":{"rendered":"https:\/\/timb2b.com\/?page_id=38"},"modified":"2024-10-18T16:06:12","modified_gmt":"2024-10-18T16:06:12","slug":"quienes-somos","status":"publish","type":"page","link":"https:\/\/timb2b.com\/index.php\/quienes-somos\/","title":{"rendered":"\u00bfQUIENES SOMOS?"},"content":{"rendered":"\n<p class=\"has-text-align-center\">Con sede en Ciudad de M\u00e9xico, somos una compa\u00f1\u00eda con experiencia en el sector de la log\u00edstica y el transporte de mercanc\u00eda en general. Somos el aliado estrat\u00e9gico ideal para tus operaciones de comercio internacional. Asesoramos a nuestros clientes para que elijan el servicio m\u00e1s adecuado para sus env\u00edos con la finalidad de que lleguen a su destino de la forma m\u00e1s r\u00e1pida, barata y eficaz.<\/p>\n","protected":false},"excerpt":{"rendered":"<p>Con sede en Ciudad de M\u00e9xico, somos una compa\u00f1\u00eda con experiencia en el sector de la log\u00edstica y el transporte de mercanc\u00eda en general. Somos el aliado estrat\u00e9gico ideal para tus operaciones de comercio internacional. Asesoramos a nuestros clientes para que elijan el servicio m\u00e1s adecuado para sus env\u00edos con la finalidad de que lleguen [&hellip;]<\/p>\n","protected":false},"author":1,"featured_media":0,"parent":0,"menu_order":0,"comment_status":"closed","ping_status":"closed","template":"","meta":{"footnotes":""},"class_list":["post-38","page","type-page","status-publish","hentry"],"_links":{"self":[{"href":"https:\/\/timb2b.com\/index.php\/wp-json\/wp\/v2\/pages\/38","targetHints":{"allow":["GET"]}}],"collection":[{"href":"https:\/\/timb2b.com\/index.php\/wp-json\/wp\/v2\/pages"}],"about":[{"href":"https:\/\/timb2b.com\/index.php\/wp-json\/wp\/v2\/types\/page"}],"author":[{"embeddable":true,"href":"https:\/\/timb2b.com\/index.php\/wp-json\/wp\/v2\/users\/1"}],"replies":[{"embeddable":true,"href":"https:\/\/timb2b.com\/index.php\/wp-json\/wp\/v2\/comments?post=38"}],"version-history":[{"count":2,"href":"https:\/\/timb2b.com\/index.php\/wp-json\/wp\/v2\/pages\/38\/revisions"}],"predecessor-version":[{"id":67,"href":"https:\/\/timb2b.com\/index.php\/wp-json\/wp\/v2\/pages\/38\/revisions\/67"}],"wp:attachment":[{"href":"https:\/\/timb2b.com\/index.php\/wp-json\/wp\/v2\/media?parent=38"}],"curies":[{"name":"wp","href":"https:\/\/api.w.org\/{rel}","templated":true}]}}