{"id":54,"date":"2024-10-18T15:49:39","date_gmt":"2024-10-18T15:49:39","guid":{"rendered":"https:\/\/timb2b.com\/?page_id=54"},"modified":"2024-10-18T17:33:15","modified_gmt":"2024-10-18T17:33:15","slug":"servicios","status":"publish","type":"page","link":"https:\/\/timb2b.com\/index.php\/servicios\/","title":{"rendered":"SERVICIOS"},"content":{"rendered":"\n<div class=\"wp-block-group alignfull has-accent-background-color has-background has-global-padding is-layout-constrained wp-container-core-group-is-layout-669513ed wp-block-group-is-layout-constrained\" style=\"margin-top:0;margin-bottom:0;padding-top:var(--wp--preset--spacing--50);padding-right:var(--wp--preset--spacing--50);padding-bottom:var(--wp--preset--spacing--50);padding-left:var(--wp--preset--spacing--50)\">\n<div class=\"wp-block-columns alignwide is-layout-flex wp-container-core-columns-is-layout-1da03c2a wp-block-columns-is-layout-flex\">\n<div class=\"wp-block-column is-vertically-aligned-stretch is-layout-flow wp-block-column-is-layout-flow\" style=\"flex-basis:50%\">\n<div class=\"wp-block-group is-vertical is-content-justification-stretch is-layout-flex wp-container-core-group-is-layout-444d5ee8 wp-block-group-is-layout-flex\" style=\"min-height:100%\">\n<p class=\"has-heading-font-family has-x-large-font-size\" style=\"line-height:1.2\"><br>Transporte Nacional<\/p>\n\n\n\n<p>Rutas regulares con recorridos y cubrimiento a las principales ciudades del pa\u00eds.<\/p>\n\n\n\n<h2 class=\"wp-block-heading\">Transporte Urbano Y Regional<\/h2>\n\n\n\n<p>Entregamos las mercanc\u00edas en operaciones Regionales y hacia destinos urbanos y zona rurales de acuerdo a la necesidad de distribuci\u00f3n de nuestros clientes.<\/p>\n\n\n\n<h2 class=\"wp-block-heading\">Transporte Carga Masiva Y Semimasiva<\/h2>\n\n\n\n<p><strong>Carga masiva:<\/strong>\u00a0Comprende despachos en cupos completos de veh\u00edculos desde un solo origen para un solo\u00a0destinatario.             <strong>Carga Semi-masiva:<\/strong>\u00a0Comprende despachos en cupos completos de veh\u00edculos desde un solo origen hasta varios\u00a0destinatarios.<\/p>\n<\/div>\n<\/div>\n\n\n\n<div class=\"wp-block-column is-vertically-aligned-center is-layout-flow wp-block-column-is-layout-flow\" style=\"flex-basis:50%\">\n<figure class=\"wp-block-image alignleft size-full is-resized is-style-rounded is-style-rounded--1\"><img fetchpriority=\"high\" decoding=\"async\" width=\"2560\" height=\"1600\" src=\"https:\/\/timb2b.com\/wp-content\/uploads\/2024\/10\/Truck-4k-Wallpaper-HD-scaled.jpg\" alt=\"\" class=\"wp-image-74\" style=\"aspect-ratio:0.75;object-fit:cover;width:624px;height:auto\" srcset=\"https:\/\/timb2b.com\/wp-content\/uploads\/2024\/10\/Truck-4k-Wallpaper-HD-scaled.jpg 2560w, https:\/\/timb2b.com\/wp-content\/uploads\/2024\/10\/Truck-4k-Wallpaper-HD-300x188.jpg 300w, https:\/\/timb2b.com\/wp-content\/uploads\/2024\/10\/Truck-4k-Wallpaper-HD-1024x640.jpg 1024w, https:\/\/timb2b.com\/wp-content\/uploads\/2024\/10\/Truck-4k-Wallpaper-HD-768x480.jpg 768w, https:\/\/timb2b.com\/wp-content\/uploads\/2024\/10\/Truck-4k-Wallpaper-HD-1536x960.jpg 1536w, https:\/\/timb2b.com\/wp-content\/uploads\/2024\/10\/Truck-4k-Wallpaper-HD-2048x1280.jpg 2048w\" sizes=\"(max-width: 2560px) 100vw, 2560px\" \/><\/figure>\n<\/div>\n<\/div>\n<\/div>\n","protected":false},"excerpt":{"rendered":"<p>Transporte Nacional Rutas regulares con recorridos y cubrimiento a las principales ciudades del pa\u00eds. Transporte Urbano Y Regional Entregamos las mercanc\u00edas en operaciones Regionales y hacia destinos urbanos y zona rurales de acuerdo a la necesidad de distribuci\u00f3n de nuestros clientes. Transporte Carga Masiva Y Semimasiva Carga masiva:\u00a0Comprende despachos en cupos completos de veh\u00edculos desde [&hellip;]<\/p>\n","protected":false},"author":1,"featured_media":77,"parent":0,"menu_order":0,"comment_status":"closed","ping_status":"closed","template":"","meta":{"footnotes":""},"class_list":["post-54","page","type-page","status-publish","has-post-thumbnail","hentry"],"_links":{"self":[{"href":"https:\/\/timb2b.com\/index.php\/wp-json\/wp\/v2\/pages\/54","targetHints":{"allow":["GET"]}}],"collection":[{"href":"https:\/\/timb2b.com\/index.php\/wp-json\/wp\/v2\/pages"}],"about":[{"href":"https:\/\/timb2b.com\/index.php\/wp-json\/wp\/v2\/types\/page"}],"author":[{"embeddable":true,"href":"https:\/\/timb2b.com\/index.php\/wp-json\/wp\/v2\/users\/1"}],"replies":[{"embeddable":true,"href":"https:\/\/timb2b.com\/index.php\/wp-json\/wp\/v2\/comments?post=54"}],"version-history":[{"count":5,"href":"https:\/\/timb2b.com\/index.php\/wp-json\/wp\/v2\/pages\/54\/revisions"}],"predecessor-version":[{"id":91,"href":"https:\/\/timb2b.com\/index.php\/wp-json\/wp\/v2\/pages\/54\/revisions\/91"}],"wp:featuredmedia":[{"embeddable":true,"href":"https:\/\/timb2b.com\/index.php\/wp-json\/wp\/v2\/media\/77"}],"wp:attachment":[{"href":"https:\/\/timb2b.com\/index.php\/wp-json\/wp\/v2\/media?parent=54"}],"curies":[{"name":"wp","href":"https:\/\/api.w.org\/{rel}","templated":true}]}}